 -12 = 2*y + 10. Let d = 4 + y. Let v(p) = 6*p**3 + p**2 + p + 13. Let c(j) = d*o(j) + 6*v(j). Calculate c(-6).
0
Let u(b) be the third derivative of -7*b**6/30 + b**5/60 - 141*b**2. What is u(1)?
-27
Let y(g) = g**3 + 11*g**2 - g - 14. Suppose 2005*u + 77 = 1998*u. Determine y(u).
-3
Let n(q) be the second derivative of 0 + 3/2*q**3 - 7*q + 13/2*q**2 + 1/12*q**4. Let r be n(-7). Let i(w) = 2*w**3 + w**2. Determine i(r).
-1
Let x = -18 + 10. Let j(m) be the second derivative of -m**4/12 - 4*m**3/3 + 2*m**2 + 2258*m. Determine j(x).
4
Let x(y) be the third derivative of -y**4/24 + 5*y**3/6 + 1859*y**2. Suppose 4*o - 5 = 6*c - 3*c, -o - c + 10 = 0. Determine x(o).
0
Let s(n) be the first derivative of n**4/4 - 2*n**3 + n**2/2 - 2*n - 21. Let u be (1 - 3) + (-2)/(-1). Suppose v + u*v = 6. What is s(v)?
4
Let v(n) = -n**3 + 3*n**2 + 13*n - 4. Suppose 72 = 34*a - 22*a. Calculate v(a).
-34
Let r(v) be the second derivative of -v**5/20 + v**2/2 - 3*v. Let i be r(0). Let f(g) be the second derivative of -g**3/2 - g**2/2 + 14*g. Determine f(i).
-4
Suppose 0*o = -4*o. Let z(w) = 2 + o*w - w + 5 + w**2. Suppose 0 = -3*t - 4*t. What is z(t)?
7
Suppose 0*s + 3 = s. Suppose s*c + 3*c = 30. Let v(y) = -2*y + y - 2*y + 2*y - c. Calculate v(-6).
1
Let m(q) = -q**2 - 7*q + 2. Suppose -12*h + 11*h = 8. Determine m(h).
-6
Let n(o) = o**3 - 10*o**2 + 19*o - 14. Let t be n(8). Let z(m) = 6*m**2 - 6*m - 3 - 5*m + t*m - m**3. What is z(6)?
-9
Let w(a) = -a**2 + 9*a + 6. Let z(v) = v**2 - 7*v - 6. Let x(q) = 5*w(q) + 4*z(q). Give x(17).
6
Let v be (-1 + (-3)/6)*(-4)/(-3). Let t(j) = 8*j - 2. What is t(v)?
-18
Let x(j) = 2*j - 1. Let g be x(2). Let z(s) = -s + g*s - 11 - s**2 - 10*s. Give z(-8).
-11
Let u(v) be the third derivative of -v**7/2520 + v**6/90 - v**5/10 + 2*v**2. Let o(d) be the third derivative of u(d). Give o(6).
-4
Let j(n) = n**2 - 8*n + 12. Suppose 2*y + 4*w = 7*y - 45, -36 = -4*y + 5*w. Calculate j(y).
21
Let c(h) be the third derivative of h**5/60 + h**4/24 + h**3/6 - h**2. Let k = 430 + -431. Determine c(k).
1
Let b = -35 - -49. Let r = -3 + 7. Let y(w) = -9 - 6*w**2 - w**3 + 0*w - r*w + b. Calculate y(-5).
0
Let c(r) = -r - 2. Suppose 2*q = -i + 12, 29 = 2*i + 5*q - 0. Let v(k) = -4*k + 15 - 2*k - 24. Let g(x) = i*v(x) - 11*c(x). Give g(0).
4
Suppose -11*x = 23 - 78. Let w(q) = -q**3 + 7*q**2 - 10*q + 7. What is w(x)?
7
Let x(c) = c**2 + 7*c + 1. Let u be x(-5). Let g = u - -12. Suppose -g*d - 16 = d. Let v(r) = -r + 1. Give v(d).
5
Let g(s) = s**2 + s + 9. Let a(z) = -3*z + 10. Let w be a(6). Let c(p) = p**2 + 7*p - 5. Let j be c(w). Let r be 1/j + (-7)/21. Give g(r).
9
Suppose 0 = -v - 4 + 1. Let g = 7 + v. Let l(m) = -m**2 + 7 - 4*m - 1 - g. Give l(-3).
5
Let s(w) = w**3 + 8. Suppose 9*f + 0*f = -4*f. Calculate s(f).
8
Let d(h) = -2*h - 318 + 5*h + 0*h + h**2 + 323. Determine d(-3).
5
Suppose 7*g - 2 = 9*g. Let w(v) = 1. Let p(o) = 3*o - 8. Let b(s) = g*p(s) - 5*w(s). Calculate b(3).
-6
Let j(m) = -m**2 - 15*m - 54. Let i be j(-9). Let o(g) = -g + 4. What is o(i)?
4
Suppose -10 - 38 = -8*n. Suppose 3*h + 5*p + n = -0, -6 = -h + p. Let r(u) = u**2 - u - 1. Let a(f) = -f**2 - 3*f + 5. Let t(q) = a(q) + 2*r(q). What is t(h)?
-3
Let u(i) = -17*i**2 - 12*i - 14. Let d(g) = -6*g**2 - 4*g - 5. Let a(k) = -8*d(k) + 3*u(k). Give a(-2).
-6
Let l(x) = -11*x**2 - x + 1. Suppose 7*o = 5*o - 12. Let d(c) = 5*c**2 + c. Let n(u) = o*l(u) - 13*d(u). What is n(5)?
-16
Suppose -3*s = 4*d - 35, 3*d - 2 = 13. Let g(k) = -k - 12. Calculate g(s).
-17
Let n(a) = a**3 - a**2 - 2*a - 3. Suppose 10*x + 54 = 28*x. Give n(x).
9
Let c(y) be the first derivative of -y**4/4 + 2*y**3 + y**2 - 3*y - 653. Give c(6).
9
Suppose 163 - 63 = 20*d. Let n(v) = 5*v - 3. Calculate n(d).
22
Let l(m) = 98749*m**2 - 98743*m**2 + 0*m**3 - 6*m - m**3 + 4. Suppose -2*o - 8 = -4*o. Determine l(o).
12
Let m(i) be the third derivative of i**4/8 - i**3/3 - 133*i**2 + 2. What is m(1)?
1
Let y(w) = -w**2 + 12*w - 10. Let s be y(9). Suppose -3*c + s = 2*x, -x - 11 = 3*x - 3*c. Let r(f) = f - 2 + x + 4*f - 6*f. Calculate r(5).
-6
Suppose -5*h - 2*y = -38, 4*y - 28 = -2*h - 0*y. Let c(v) be the third derivative of 0 + 1/24*v**4 - 1/3*v**3 + h*v**2 + 0*v. Give c(2).
0
Let g(l) be the second derivative of l**7/2520 + 7*l**6/720 - l**5/120 + l**4/12 - 11*l. Let k(x) be the third derivative of g(x). Determine k(-6).
-7
Let c(b) = 4*b**2 - b. Suppose -3*t + 5*l - 29 + 21 = 0, 3 = 3*l. Calculate c(t).
5
Let y(g) = -2*g**3 - 63*g**2 - 30*g + 35. Let w be y(-31). Let k(h) = h**2 - 9. Calculate k(w).
7
Let r(l) = l**3 + 5*l**2 - 6*l - 3. Let d be (-6)/14 - 44/77. Let w be (10/(-15))/(d/6). Suppose 6 = 3*c - w*c. Determine r(c).
-3
Let u = 223 + -224. Let w(b) be the second derivative of -17*b**4/12 + b**2/2 + 3*b. Calculate w(u).
-16
Suppose 4*z = -12 - 8, 5*c - 80 = 4*z. Suppose -c*w + 9*w = 18. Let u(k) = -k**2 - 6*k + 5. What is u(w)?
5
Let p be -2 + 1 + 1 + 3. Let z be 1 + 0*3/(-6). Let s(l) = 11*l**2 + p*l - l**2 + z - 2*l - 2*l**2. Give s(-1).
8
Let l(u) = -u**3 + 5*u**2 + 8*u - 7. Suppose -d + 3*s = -17, -2*d - 23 = -6*d - 3*s. Suppose d*j = 7*j - 10. Let v = j + 16. Give l(v).
5
Let d be (-3)/2*(0 + 8/(-6)). Suppose 15*w - d*w + 52 = 0. Let i(h) = h**3 + 4*h**2 - 3*h + 3. What is i(w)?
15
Let i(c) = 6*c**3 + c**2 - 2*c - 10. Let a(w) = 7*w**3 + w**2 - 3*w - 12. Let x(o) = 4*a(o) - 5*i(o). What is x(2)?
-22
Suppose f - 40 = -3*f. Let y(b) = 0*b**3 - 4*b**2 - b**3 - 4*b + b + f*b. What is y(-5)?
-10
Let i(h) = -2*h - 3. Let p = -65 - -60. What is i(p)?
7
Let o be (-3)/(-9)*9 - 50/(-5). Let w(j) = j**2 - 12*j + 13. Give w(o).
26
Let f(b) = -b**2. Let j(m) = -7*m**2 - 5. Let d(y) = 6*f(y) - j(y). Let u(w) = -5*w - 2 - 4 - w**2 + 12*w. Let l be u(6). Give d(l).
5
Let w be -8 - (-9)/((-108)/(-204)). Let q(c) = -c**3 + 10*c**2 - 3*c - 7. Calculate q(w).
47
Let f be 3/(-6)*(-4)/(-1). Let l be f/(-5)*1*30. Let t(k) = -k + 15. Let d be t(l). Let w(y) = y. What is w(d)?
3
Let h be 18/4*(-12)/(-9). Suppose 9 = h*g - 21. Suppose -3*c - 30 = -g*t, -4*c = 3*t + 15 - 4. Let q(j) = j**2 + 7*j - 2. Calculate q(c).
-12
Let d(o) = -o**3 - 6*o**2 + 16*o + 5. Let u be d(-8). Let j(g) = g**3 - 6*g**2 + 3*g. Determine j(u).
-10
Let v(h) = h**2 + 10*h - 16. Let o(r) = r**3 - r - 11. Let b be o(0). Let l be v(b). Let m(q) = -q**2 - 4*q + 1. Determine m(l).
-4
Let x(z) = z**2 - 5*z + 14. Let k(a) = 4*a**2 - 16*a + 57. Let c(u) = -2*k(u) + 9*x(u). Determine c(8).
-28
Let f(o) = 35 - 6*o + 8*o - 18 - 15. Determine f(-7).
-12
Let m(d) be the first derivative of d**2/2 + 4*d - 2018. Suppose h + 36 = -4*t, -3*t - t - 2*h = 40. What is m(t)?
-4
Let q(v) = -v**2 - 8*v + 8. Suppose 2*x - 3*h + 13 = 0, -10*x + 2*h + 34 = -14*x. Give q(x).
8
Let d(z) = -z**3 + 6*z**2 + z + 5. Suppose -2*k + 0*k - 18 = -2*g, k - 15 = -3*g. What is d(g)?
11
Suppose -4*v = 99 + 53. Let q be 0*(-1 - -2)*(-19)/v. Let r(i) be the second derivative of -i**4/12 - i**3/6 - i**2/2 - i. Calculate r(q).
-1
Let g(a) = a**2 + 2 + 4 - 2 - 5 - a**3 + 3*a - a**3. Calculate g(2).
-7
Let m = -24 - -27. Let h(z) = 2*z + z**2 - 12 + 5*z + m. Calculate h(-7).
-9
Let k(u) = -u - 1. Suppose -5*i - 13 + 33 = 0. Suppose i*z = b - 20, 2*z = 5*z + 15. Determine k(b).
-1
Let z be (-4)/(1/((-1)/(-2))). Let n(o) be the first derivative of -7*o**3/3 - o**2/2 + 2*o + 81. Give n(z).
-24
Let j(x) = x**2 - 11*x + 16. Let u(y) = -13*y - 71. Let z be u(-6). What is j(z)?
-12
Suppose -5*x - 7 - 13 = -3*j, 4*j - 5*x = 20. Suppose d = -j*d - 4. Let i(t) = 3*t + 3. What is i(d)?
-9
Let q = -26 - -21. Let m(u) be the second derivative of u**5/20 + u**4/2 + 7*u**3/6 + 5*u**2/2 + 33*u. Give m(q).
-5
Let u(r) be the first derivative of -7*r**5/120 - r**4/8 + 28*r**3/3 - 8. Let p(l) be the third derivative of u(l). Give p(-3).
18
Let j(l) = -l**3 - 8*l**2 + 3*l - 3. Let b = 211 - 219. Give j(b).
-27
Suppose -55*v = -48*v. Let x(w) = -2 + 2 - w. Determine x(v).
0
Let k(m) = 33*m + 4 + 3 - m**3 - 6 + 0 - m**2 - 29*m. Let u = 0 - 3. What is k(u)?
7
Let c(s) = s**3 + 9*s**2 - 13*s + 8. Let z be (-5)/(-1)*(-28)/14. Determine c(z).
38
Let k(n) = 5*n**3 + 4*n**2 + 0*n**3 - 1 - 3*n**2 - n. Calculate k(-1).
-4
Suppose 3*z - 5*z = -5*g + 11, g + 3*z = 9. Let i(a) = -a + 30 + 9*a**g - 8*a**3 + a**2 - 34. Calc